 16983 a multiple of 51?
True
Is 9 a factor of 254?
False
Is 13200 a multiple of 200?
True
Is 112 a factor of 6384?
True
Does 7 divide 533?
False
Is 28 a factor of 1960?
True
Does 169 divide 7102?
False
Does 11 divide 1826?
True
Does 68 divide 1700?
True
Is 10155 a multiple of 23?
False
Is 10 a factor of 156220?
True
Is 16 a factor of 8755?
False
Is 36864 a multiple of 11?
False
Is 374 a multiple of 15?
False
Is 784 a multiple of 16?
True
Is 30 a factor of 150?
True
Does 89 divide 1869?
True
Does 10 divide 2760?
True
Does 19 divide 840?
False
Does 4 divide 2324?
True
Does 4 divide 1416?
True
Is 290 a multiple of 13?
False
Does 15 divide 61848?
False
Does 34 divide 25976?
True
Does 15 divide 3030?
True
Is 88 a factor of 97853?
False
Is 69 a factor of 10551?
False
Is 66 a factor of 26466?
True
Does 6 divide 114?
True
Does 23 divide 722?
False
Is 15581 a multiple of 47?
False
Is 21242 a multiple of 38?
True
Is 143 a multiple of 3?
False
Does 18 divide 6335?
False
Does 4 divide 525?
False
Is 23 a factor of 33902?
True
Is 2400 a multiple of 24?
True
Does 216 divide 16903?
False
Is 298 a factor of 81652?
True
Is 16007 a multiple of 57?
False
Is 329 a multiple of 25?
False
Is 38 a factor of 1178?
True
Is 99 a factor of 39798?
True
Is 8717 a multiple of 13?
False
Does 58 divide 3538?
True
Is 2724 a multiple of 12?
True
Does 10 divide 143160?
True
Is 109 a multiple of 4?
False
Is 19 a factor of 1881?
True
Is 29 a multiple of 29?
True
Is 3597 a multiple of 84?
False
Is 31176 a multiple of 3?
True
Is 2300 a multiple of 5?
True
Is 3157 a multiple of 41?
True
Is 155 a factor of 17269?
False
Does 26 divide 2678?
True
Is 53 a factor of 4498?
False
Does 25 divide 232?
False
Is 111435 a multiple of 115?
True
Does 2 divide 426?
True
Is 17499 a multiple of 10?
False
Is 525 a multiple of 15?
True
Is 5525 a multiple of 16?
False
Is 1865 a multiple of 28?
False
Is 32 a factor of 3296?
True
Does 32 divide 323?
False
Does 47 divide 1081?
True
Does 12 divide 636?
True
Is 16713 a multiple of 20?
False
Is 10 a factor of 774?
False
Does 48 divide 1296?
True
Does 13 divide 1318?
False
Is 35256 a multiple of 13?
True
Is 11 a factor of 3795?
True
Is 9100 a multiple of 11?
False
Is 32 a factor of 885?
False
Is 25 a factor of 2968?
False
Does 15 divide 683?
False
Is 75 a multiple of 3?
True
Does 149 divide 4285?
False
Is 38 a factor of 5281?
False
Does 10 divide 28780?
True
Is 1789 a multiple of 2?
False
Is 2 a factor of 147?
False
Is 111 a multiple of 6?
False
Is 93 a factor of 21948?
True
Is 8 a factor of 376?
True
Is 348 a multiple of 35?
False
Does 15 divide 200?
False
Does 79 divide 2243?
False
Does 82 divide 58790?
False
Is 7593 a multiple of 127?
False
Is 18481 a multiple of 35?
False
Is 350 a multiple of 14?
True
Does 10 divide 159?
False
Does 172 divide 62125?
False
Is 101 a factor of 44339?
True
Is 5 a factor of 37?
False
Is 11 a factor of 19109?
False
Is 85 a factor of 255?
True
Is 52 a factor of 988?
True
Is 1524 a multiple of 127?
True
Is 24 a factor of 2846?
False
Does 18 divide 5436?
True
Is 7 a factor of 19519?
False
Does 34 divide 10351?
False
Is 330 a multiple of 10?
True
Does 122 divide 488?
True
Is 59 a factor of 55165?
True
Is 38 a factor of 41?
False
Is 136 a factor of 26386?
False
Is 944 a multiple of 33?
False
Is 33419 a multiple of 23?
True
Is 6 a factor of 2846?
False
Is 19 a factor of 2807?
False
Does 37 divide 2541?
False
Is 1096 a multiple of 44?
False
Is 690 a multiple of 46?
True
Is 33 a factor of 660?
True
Is 22423 a multiple of 23?
False
Is 1813 a multiple of 17?
False
Does 17 divide 403?
False
Is 6 a factor of 535?
False
Is 22 a factor of 1384?
False
Is 2806 a multiple of 23?
True
Is 17 a factor of 3774?
True
Is 35025 a multiple of 128?
False
Is 3150 a multiple of 63?
True
Does 8 divide 27416?
True
Does 12 divide 1559?
False
Does 22 divide 7612?
True
Is 15540 a multiple of 35?
True
Does 26 divide 221?
False
Does 12 divide 7728?
True
Is 35 a factor of 10990?
True
Is 20224 a multiple of 42?
False
Is 8 a factor of 152?
True
Does 74 divide 1386?
False
Is 78 a factor of 5226?
True
Does 35 divide 210?
True
Is 25676 a multiple of 28?
True
Is 502 a multiple of 15?
False
Does 77 divide 23870?
True
Does 3 divide 24?
True
Does 69 divide 17638?
False
Is 11 a factor of 561?
True
Is 55 a factor of 937?
False
Is 82 a multiple of 18?
False
Is 6403 a multiple of 21?
False
Is 23 a factor of 1771?
True
Does 41 divide 4093?
False
Is 27 a factor of 8829?
True
Is 164 a factor of 16236?
True
Is 845 a multiple of 6?
False
Is 57 a factor of 8631?
False
Does 50 divide 7150?
True
Is 71 a factor of 23880?
False
Is 9 a factor of 9252?
True
Is 185 a multiple of 78?
False
Is 23 a factor of 972?
False
Is 15 a factor of 451?
False
Is 2624 a multiple of 12?
False
Is 138 a multiple of 13?
False
Does 100 divide 28455?
False
Does 23 divide 68?
False
Does 4 divide 8176?
True
Is 25 a factor of 7300?
True
Is 32 a factor of 4874?
False
Is 45360 a multiple of 27?
True
Is 16848 a multiple of 72?
True
Is 45180 a multiple of 15?
True
Is 30 a factor of 2670?
True
Is 93 a factor of 84072?
True
Does 15 divide 775?
False
Is 7 a factor of 414?
False
Is 7 a factor of 578?
False
Does 45 divide 16290?
True
Is 22 a factor of 374?
True
Is 83 a factor of 33781?
True
Is 47 a factor of 1081?
True
Is 510 a multiple of 5?
True
Is 32 a factor of 5600?
True
Does 24 divide 9722?
False
Does 16 divide 21472?
True
Is 4287 a multiple of 20?
False
Is 7 a factor of 94?
False
Does 71 divide 2130?
True
Is 5 a factor of 200?
True
Is 776 a multiple of 31?
False
Is 8473 a multiple of 18?
False
Is 520 a multiple of 52?
True
Is 11 a factor of 39980?
False
Is 27 a factor of 4687?
False
Is 21 a factor of 21048?
False
Does 82 divide 10011?
False
Is 28 a factor of 5517?
False
Is 4998 a multiple of 12?
False
Is 24780 a multiple of 177?
True
Is 20 a factor of 19976?
False
Is 12 a factor of 3857?
False
Is 9 a factor of 714?
False
Does 18 divide 191?
False
Is 192 a multiple of 48?
True
Is 40 a factor of 920?
True
Does 65 divide 40594?
False
Does 23 divide 920?
True
Does 71 divide 1846?
True
Is 2709 a multiple of 7?
True
Is 30444 a multiple of 59?
True
Does 110 divide 21325?
False
Is 12848 a multiple of 16?
True
Is 154 a multiple of 22?
True
Is 36 a factor of 216?
True
Is 473 a multiple of 11?
True
Is 199 a multiple of 8?
False
Is 19 a factor of 4278?
False
Is 20 a factor of 1917?
False
Does 11 divide 10758?
True
Is 247 a factor of 17537?
True
Is 22 a factor of 6908?
True
Does 3 divide 167?
False
Does 28 divide 728?
True
Is 4840 a multiple of 40?
True
Does 2 divide 153?
False
Is 21 a factor of 9122?
False
Is 2418 a multiple of 31?
True
Is 11 a factor of 480?
False
Is 6513 a multiple of 45?
False
Is 1998 a multiple of 9?
True
Does 108 divide 3996?
True
Is 20493 a multiple of 207?
True
Is 7 a factor of 402?
False
Is 17080 a multiple of 122?
True
Is 1458 a multiple of 9?
True
Is 3668 a multiple of 14?
True
Does 39 divide 1725?
False
Does 10 divide 180?
True
Does 7 divide 1939?
True
Is 50 a multiple of 50?
True
Is 3 a factor of 276?
True
Is 6 a factor of 6366?
True
Is 2011 a multiple of 4?
False
Does 75 divide 7575?
True
Is 20 a factor of 3948?
False
Is 276 a multiple of 23?
True
Does 7 divide 2457?
True
Is 22689 a multiple of 121?
False
Is 520 a multiple of 40?
True
Is 73 a factor of 3561?
False
Is 1794 a multiple of 13?
True
Is 1736 a multiple of 4?
True
Is 406 a multiple of 7?
True
Does 2 divide 11351?
False
Does 9 divide 2682?
True
Is 46 a factor of 16684?
False
Does 2 divide 113?
False
Does 31 divide 5115?
True
Is 44 a factor of 396?
True
Is 72 a multiple of 4?
True
Is 460 a multiple of 18?
False
Is 55 a factor of 1870?
True
Does 6 divide 1038?
True
Is 62 a factor of 1756?
False
Is 203 a multiple of 7?
True
Does 39 divide 1755?
True
Does 48 divide 23664?
True
Does 13 divide 5707?
True
Is 30996 a multiple of 123?
True
Is 56 a factor of 1512?
True
Does 13 divide 892?
False
Does 14 divide 48846?
True
Is 8 a factor of 11652?
False
Is 825 a multiple of 4?
False
Does 18 divide 1998?
True
Does 28 divide 1675?
False
Is 1111 a multiple of 10?
False
Is 5 a factor of 305?
True
Is 7470 a multiple of 121?
False
Is 86352 a multiple of 14?
True
Is 16261 a multiple of 151?
False
Is 32 a factor of 9824?
True
Is 4 a factor of 9374?
False